t t(y) = r(y) + z(y). Let s = 77 - 70. What is t(s)?
1
Let x(f) = f - 24. Let y(w) = 27*w - 10. Let a(d) = -4*x(d) + y(d). Give a(-4).
-6
Let i(o) be the second derivative of o**4/4 + 5*o**3/6 - 20*o**2 + 16088*o. Calculate i(4).
28
Let d(o) = -2*o**2 - 4*o + 6. Suppose -4*h = -3*l - 7*h - 189, -323 = 5*l - 3*h. Let j = -69 - l. What is d(j)?
-24
Let t(v) be the third derivative of -37*v**4/24 + 109*v**3/6 + v**2 + 556*v. What is t(3)?
-2
Let o(u) = -454*u + 455*u - 23 + 6113*u**2 - 6135*u**2 + 2*u**3. What is o(11)?
-12
Let a(p) be the third derivative of -p**6/120 + 3*p**5/20 + p**4/24 - 5*p**3/2 - 5*p**2 - 3. Let q be a(9). Let c(l) = l**2 + 2*l. What is c(q)?
24
Let k(x) = 4*x**3 - 2*x**2 + 1. Suppose 49 = -0*j - j. Let r = j + 45. Let u(o) = -2*o - 9. Let b be u(r). Determine k(b).
-5
Let p(r) = r**2 - 10*r + 3. Let j be (-14)/(-77) + (-108)/(-11). Let g be p(j). Let q(h) = -3*h**2 + 3*h**g - 3 + 2*h**2 - h - 4*h**3. What is q(0)?
-3
Let q(f) = 3*f**3 - 4 + 3*f**3 - 4*f**3 - 3*f - 7*f**2. Let o be q(4). Let p(n) = -86*n**2 + o*n - 2 + 81*n**2 - n - n**3. What is p(-5)?
3
Let k(o) be the third derivative of 0 + 1/6*o**3 + 0*o**4 + 7/120*o**6 + 0*o**5 - 2*o - 10*o**2. Determine k(-1).
-6
Let w(o) = 5*o - 14*o**2 - 1249 + 1242 + o**2. Let t(z) = 36*z**2 - 15*z + 21. Let g(k) = 4*t(k) + 11*w(k). Calculate g(4).
3
Let z(p) = -p**2 + 3*p. Let m(r) = r**3 - 23*r**2 + 38*r - 30. Let l(a) = m(a) + 6*z(a). Determine l(27).
24
Let o(n) = -69*n + 184. Let h(i) = -i - 53. Let l(w) = -6*h(w) + o(w). What is l(8)?
-2
Let j(z) = 162*z - 644. Let s be j(4). Let l(n) = -n**2 - 7*n + 34. Calculate l(s).
-10
Suppose 14 = 3*f - 16. Let i(n) be the second derivative of -n**5/20 + 3*n**4/4 + 4*n**3/3 + 4*n**2 + n + 5551. Give i(f).
-12
Let k(m) = m**3 + 17*m**2 + 16*m - 90. Let a be k(-15). Let q(j) = 8 + 1 + 118*j - 2 - a*j. Calculate q(0).
7
Suppose 5*b + 2*j = 44, 3*b + 5*j - 35 = -2*b. Suppose 0 = 2*h + b*h - 96. Let c(s) = s**2 - 9*s + 4. Calculate c(h).
-4
Let z(i) = -9*i**2 + 21*i. Let v(t) = 10*t**2 - 28*t. Let n(a) = -3*v(a) - 4*z(a). Suppose 0 = -3*r + 2*k + 1, -3 = 2*r - 7*r + 4*k. Determine n(r).
6
Suppose t + 0 - 13 = 3*j, 26 = 2*t + j. Let b(x) = -x**2 + 22*x - 23. Let y be b(t). Let i = y - 89. Let w(s) = -s**2 + 8*s + 3. Calculate w(i).
18
Let j(z) be the second derivative of z**5/20 + z**4/12 - 7*z**3/2 + 7*z**2/2 + 3*z - 860. Give j(5).
52
Suppose -7*p = -16*p + 9. Let s(y) = -6*y**2 + 6*y - 1. Let u(i) be the first derivative of 7*i**3/3 - 7*i**2/2 + i - 5. Let k(b) = 6*s(b) + 5*u(b). Give k(p).
-1
Let w be (0 - -2) + -65 + 78. Let g(z) = 33 - 6 + w*z - 17*z + 2 + 5. What is g(16)?
2
Let g(u) be the second derivative of -u**5/60 - u**4/6 - 2*u**3/3 - 8*u**2 - 17*u. Let h(d) be the first derivative of g(d). What is h(-4)?
-4
Suppose -4*l + 74 = 2*m, 11 = 5*m - l - 163. Let s(j) = 10*j**2 - m*j**3 + j - 13*j**2 + 34*j**3 + 7. Determine s(-3).
4
Let j(q) = -96*q + 950. Let h(a) = 59*a - 570. Let y(b) = -12*h(b) - 7*j(b). Calculate y(5).
10
Let s = -21 + 25. Let l(b) = 4 - 4*b - 13*b + 14*b + 0*b. Give l(s).
-8
Let o = -4449 - -4443. Let h(w) = w**2 + 3*w + 4. Calculate h(o).
22
Let h(w) = -21*w**2 - 2*w + 1. Let q be 5/7 - 18/(-63). Let j be 4/1 + (-6 - q). Let c be (-4 - -1)*1/j. Give h(c).
-22
Let m(d) = 4 + 3 - 11*d + 0 + 3 + d**2. Suppose 0 = 5*t - 10, -1 = 4*b - 3*b - 4*t. Let j(r) = r**3 - 7*r**2 + 2*r - 6. Let p be j(b). What is m(p)?
-14
Let b(x) = x**3 - 3*x**2 - x - 10. Let t(o) = 130*o - 1824. Let f be t(14). What is b(f)?
-118
Let k = -11058 - -11042. Let j(d) = -15*d - 232. Determine j(k).
8
Let l(g) = -11*g - 1. Let a(s) = -s**2 + 33*s - 255. Let z be a(20). What is l(z)?
-56
Let v(n) be the second derivative of n**4/12 - 5*n**3/2 + 41*n**2/2 - 5866*n. Determine v(5).
-9
Let k(a) = -7*a**3 - 308*a**2 + 296*a - 4. Let c(u) = 3*u**3 + 132*u**2 - 127*u + 2. Let m(r) = -19*c(r) - 8*k(r). Determine m(-45).
-6
Let d(r) be the third derivative of -r**6/120 - 11*r**5/60 - 11*r**4/24 - 5*r**3/2 - 2*r**2 - 37*r + 15. Calculate d(-11).
106
Let v(c) = -12*c + 25. Let b be ((-2)/10)/((4/90)/(140/(-210))). Determine v(b).
-11
Let s(q) = 2*q**2 - 11*q - 6. Let g be s(8). Let a = g + -28. Let f(h) = -h - 7. Let w(o) = 2*o + 20. Let m(i) = 8*f(i) + 3*w(i). Calculate m(a).
-8
Suppose -5*z - 66 = -71*b + 74*b, -5*z + 22 = -b. Let l(s) = s + 2. What is l(b)?
-20
Let l(o) be the third derivative of o**2 + 0 + 1/4*o**4 - 1/60*o**5 + 0*o - 5/6*o**3. Let t be 10/8 + ((-158)/(-8) - 3723/219). Give l(t).
3
Let k(u) = u + 75. Let w be k(-10). Let g be 39/w - 26/10. Let h(s) = s**3 + 88*s - 88*s. Determine h(g).
-8
Suppose -254*v - 154*v - 4026 = -42*v. Let j(t) = 2*t**2 + 25*t + 24. Determine j(v).
-9
Let o = -21 + 8. Let q(i) = i**3 - 442*i**2 + 14*i + 1. Let p(f) = -2*f**3 + 960*f**2 - 28*f - 2. Let h(v) = 6*p(v) + 13*q(v). Calculate h(o).
-12
Suppose -4*v + 16311 = -w + 4761, 5778 = 2*v + w. Let u(x) = 1439 - 8*x - x**2 + 1439 - v. Give u(-7).
-3
Let x(r) = 77*r + 10. Let f(z) = z**2 + 39*z + 4. Let v(w) = 2*f(w) - x(w). Give v(-1).
-1
Let n(o) be the first derivative of 5*o**4/4 + 2*o**3/3 + o**2/2 - o - 2. Let j = -6407 + 6406. Give n(j).
-5
Let a(w) = 4*w**2 + 65*w + 4. Let q be 160/15*(-8)/6*27/24. Calculate a(q).
-12
Let q = -13551 - -13554. Let h(s) be the second derivative of 0 + 5/2*s**2 - 1/6*s**q + 13*s. Calculate h(4).
1
Let p(j) = -j**2 - 14*j - 49. Let s be p(-8). Let z be s*(-6 - (-4 - 2)). Let o(v) = v**3 - v**2 + v + 17. Calculate o(z).
17
Suppose 3*a + 14 - 1 = -k, -a - 13 = -4*k. Suppose 12*y - 26 = -2. Let x(q) = -y*q**2 - 3 + 3*q**2 + 2 + 2 - 3*q. Determine x(k).
-1
Let i(y) = 3*y**3 - 2*y**2 - 4*y - 8. Let m be i(-3). Let t = m + 92. Let n(r) = -r**2 - r - 3. Calculate n(t).
-9
Suppose -92 = -16*t + 26*t - 32. Let i(w) = -w**2 + 1. Let r(v) = 6*v**2 + 8*v - 8. Let f(q) = 5*i(q) + r(q). Calculate f(t).
-15
Let t be (((-994)/(-84))/(-71))/((-2)/(-12)). Let w(d) = -144*d**3 + 3*d**2 - 2. Determine w(t).
145
Let d(g) = g**2 - 4*g + 1. Suppose 3*p = y - 1, 5*y + 502 = 4*p + 518. What is d(y)?
1
Suppose 1 = 16*j - 63. Let q(h) = -j*h**2 - 5*h**3 + 0 + 14*h - 5 + 14 - 6 + 4*h**3. What is q(-6)?
-9
Suppose 5*q - 8*g = -9*g + 22, 2*q - 2*g - 16 = 0. Let b(p) = -q + 976*p - 485*p - 486*p. Calculate b(0).
-5
Let n be ((-4)/(1 - -3)*0)/1. Let w(f) = n*f**3 + 15*f**2 - f**3 - 10*f**2 + 8 - 12*f**2 - 5*f. Give w(-6).
2
Suppose 19*t + 3*v - 30 = 14*t, 31 = 2*t + 5*v. Let q(y) = -4 + 2*y + y**3 - 1505*y**2 + 1501*y**2 + t. Determine q(4).
7
Suppose -22 = 10*c - 72. Suppose -3*x - 1439 = -4*t, -4*x = -3*t + 521 + 567. Let z(u) = -u + t - 356. What is z(c)?
-5
Suppose 0 = 10*s + 28*s - 380. Suppose 2*m = 5*q + 10, -4*m + 10 = 2*q - s. Let i(t) = t**3 - 2*t**2 - 6*t - 4. Give i(m).
41
Let w(r) = r**3 + 16*r**2 - 22*r - 15. Let p be w(-18). Let u = p - -263. Let f(x) = x**3 + 4*x**2 - 4. Give f(u).
-4
Let v(c) = -759*c**2 + 22*c + 380*c**2 + 368*c**2 + 4. Determine v(2).
4
Let u(b) = 14*b**3 - 12*b**2 - 4*b + 7. Let n(o) = -3*o**3 + o**2. Let w be 21/15 - 16/40. Let f(y) = w*u(y) + 5*n(y). Suppose 0 = 5*r + 43 - 13. What is f(r)?
-5
Let d be (2/6 - -5)/((-2)/(-18)). Suppose -b = -2*b - 3*s + d, -2*s + 232 = 4*b. Let q(u) = 3 + b*u + 59*u - 115*u + u**2. What is q(-5)?
8
Let v(n) = -n + 54. Let o = -1832 - -1841. Give v(o).
45
Let g(p) = 4*p**2 - 107*p + 13 + 43*p - 5*p**2 + 52*p - 52. Give g(-8).
-7
Let m = 186 + -183. Suppose 0 = -3*i - 3, 0 = 2*y + 5*i + m + 2. Let g(f) be the first derivative of -f**4/4 - f**3/3 + 2*f + 4. Calculate g(y).
2
Suppose -3*b + 22*b - 760 = 0. Let m be ((-1)/(-4) - (-110)/b) + -5. Let w(t) = t**3 - 2*t. Calculate w(m).
-4
Let v(s) be the first derivative of 7*s**4 + 2*s**3/3 + s**2/2 - 2*s + 7482. Calculate v(1).
29
Let q = -11747 + 11757. Let v(t) = t**2 - 14*t + 17. What is v(q)?
-23
Suppose 0 = -1788*p + 1759*p - 199 - 4. Let f(m) = 2*m**2 + 15*m - 14. Give f(p).
-21
Let o(s) = -130*s + 29 + 28 + 131*s - 51. Let h(l) = -2*l - 1. Let g be h(2). Calculate o(g).
1
Let q(o) = 11. Let a(i) = 4*i + 42. Let d(p) = -a(p) + 2*q(p). Calculate d(-7).
8
Suppose 12 + 20 = -4*i. Let n(a) be the first derivative of 3*a**2/2 + 16*a + 3985. Give n(i).
-8
Let y(h) = -h**2 - 24*h - 86. Suppose -d + 92*v - 3 = 94*v, -3*d - v = 14. Give